*2 + 4*y + 5. What are the prime factors of a(-6)?
53
Let o be 5/2*(-12)/10. List the prime factors of 18*(-1)/(3/o).
2, 3
Let k(t) = -3*t. Let a be k(-1). Let x = a + -5. What are the prime factors of (4 + 0/x)/2?
2
List the prime factors of 15/1*30/75.
2, 3
Let v = 7 + -3. Suppose -5*m - 10 - 34 = -2*y, v*y - m = 70. Suppose -4*k = 5 - y. What are the prime factors of k?
3
Let h(x) = -61*x**3 - 3*x**2 + 2. What are the prime factors of h(-1)?
2, 3, 5
Suppose -9 = 3*c - 6*c. Suppose 36 = u + 3*u + 4*j, -3*j - 9 = -c*u. What are the prime factors of u?
2, 3
Let i be ((-1 - -16)/3)/1. What are the prime factors of (-234)/(-15) - (-2)/i?
2
Suppose 5*f - 13 - 12 = 0. Let m(r) = 3*r + 18 - f - 4*r + 9. List the prime factors of m(10).
2, 3
Suppose 0 = -2*w + 4*w - 8. Suppose 4*s - 5*b = 27, 5*s - w*b = 4 + 32. List the prime factors of s.
2
Let n be 6/9 + 13/3. Suppose -b + 9 = -0*t - t, -5*t - n = 0. Let q = b + 1. What are the prime factors of q?
3
Let c = -7 + 7. Suppose -5*w - 5 + 75 = c. What are the prime factors of w?
2, 7
Let t be (-8)/(-5 + 3)*-1. Let s(a) = -a**3 - a**2 + 5*a - 1. List the prime factors of s(t).
3
Suppose -20 = -2*i - 2*i. Suppose 0 = i*t + 4*n + 1, 5*t - n + 6 = 0. Let s(h) = -9*h. List the prime factors of s(t).
3
Let r(p) = -p + 5. Let k be r(5). Let h = 7 + k. Suppose -55 = 2*g - h*g. What are the prime factors of g?
11
Let h be (-10)/45 - (-61)/(-9). Suppose -4*n - 60 = -2*c, 5*n + 3*c - 3 + 56 = 0. Let z = h - n. List the prime factors of z.
2, 3
Let x(d) = 2*d**2 - 2*d + 4. What are the prime factors of x(4)?
2, 7
Suppose 0 = 2*a + 4 + 2. Let t be 4/(-6) + 1/a. Let h = t - -7. What are the prime factors of h?
2, 3
Suppose -4*v + 64 = -8*v. Let m = 22 + v. Let y(s) = s**2 - 6*s + 6. List the prime factors of y(m).
2, 3
Let b(a) = -a**3 - 9*a**2 + 7*a - 13. Let t be b(-11). Suppose -5*w + 190 = -2*x, -4*w + 4*x + t = 6*x. What are the prime factors of w?
2, 19
Suppose 0*p + 3*u = -5*p + 40, -p = 3*u - 20. Suppose -4*c = p*r + 17, -2*r = 3*c + 15 - 4. What are the prime factors of (r - (-69)/3)/2?
11
Suppose -p + 82 = 9. List the prime factors of p.
73
Let b(t) = t**3 + 6*t**2 - 3*t. What are the prime factors of b(-6)?
2, 3
Suppose 0 = -0*s + 4*s - 12. Suppose -l - s = -43. What are the prime factors of l?
2, 5
Suppose 243 = 5*b - 2*b. List the prime factors of b.
3
Suppose -r + 0*r + 1 = 5*l, 5*r + l + 67 = 0. Let i be 396/14 - (-4)/r. Suppose 5*h + 2*v - 16 = v, 5*h = 2*v + i. List the prime factors of h.
2
Suppose 0*f - 3*f + 11 = u, 0 = -3*f + 2*u + 14. Let r = -6 - -12. Suppose r = f*s - 3*o, -2*s = 3*s + o - 17. What are the prime factors of s?
3
Suppose 0*h + 2 = -3*t - 2*h, 4*h + 14 = -t. Suppose -n - 3*r - 12 = 0, r - 42 = 5*n - t*r. What are the prime factors of -2*3*n/6?
3
Suppose -2*d + 0*d = 0. Let f(c) = -c**2 - 4*c - 3*c**3 - 3 + c**3 + d + 0*c**2. List the prime factors of f(-2).
17
Let h(c) = -30*c + 6. List the prime factors of h(-4).
2, 3, 7
Suppose -66 = -3*f - 4*s, -4*s + 36 = f + 6. Let j = f + -12. List the prime factors of j.
2, 3
Suppose -5*d - 20 = 5*m, -5*d - 6*m = -2*m + 21. Let l = -1 - 10. Let q = d - l. What are the prime factors of q?
2, 3
Suppose -1731 = -15*b + 1209. What are the prime factors of b?
2, 7
What are the prime factors of (3 - (-78)/(-4))*-2?
3, 11
Let i = 17 - 15. List the prime factors of i.
2
Let a = -4 + -15. Let v be a/(2/(-2)*1). Suppose -u + 2*u = v. List the prime factors of u.
19
Let u(p) = -15*p + 11. List the prime factors of u(-6).
101
Let u(w) = -24*w + 2. Let z be u(-2). Suppose o - 4*j - z = -19, 2*j - 62 = -2*o. List the prime factors of o.
31
Let h = -8 - -10. Suppose -h*r - 3 = -29. List the prime factors of r.
13
Suppose k - 5*r + 55 = -2*k, 0 = 2*k + r + 15. List the prime factors of (-472)/k + 4/(-20).
47
List the prime factors of ((-388)/10)/(8/(-20)).
97
Let p(h) = h**3 + h**2 - 3*h + 2. Let b = 4 + 0. Suppose -3*d + 6 = -b*n, n + 10 = 5*d + 2*n. List the prime factors of p(d).
2
Suppose -3*n + s = 5*s - 97, -4*n + 131 = 5*s. Suppose -4*b + 20 = b. Suppose -n = p - b*p. What are the prime factors of p?
13
Let j be 2/5 - 270/50. Let h = j - -17. List the prime factors of h.
2, 3
Let m(j) = j**3 + 4*j**2 - 2*j + 2. List the prime factors of m(-3).
17
Suppose -5*b + 1744 - 144 = 0. List the prime factors of b.
2, 5
Suppose -6*c + 2*c - 32 = 0. Let h = 13 + c. Suppose -2*a = -h*a + 27. List the prime factors of a.
3
Suppose -5*u + 20 = 0, u + 3 - 17 = 5*v. Let x be ((-8)/(-10))/((-1)/(-5)). What are the prime factors of 54/(-3)*v/x?
3
Let u(c) be the second derivative of c**4/12 + 5*c**3/6 + 7*c**2/2 + c. Suppose 5*t - s = -3*s - 21, -4*s = 3*t + 7. What are the prime factors of u(t)?
7
Suppose -5*o - 29 - 21 = -5*l, -4*l = 5*o + 50. What are the prime factors of 8/20 - 86/o?
3
Let h(o) = o**2 - 10*o + 13. Let x be h(9). Suppose 38 = 6*f - x*f. What are the prime factors of f?
19
Suppose -3*u + 19 = 5*l - 31, 77 = 4*l - 5*u. List the prime factors of l.
13
Suppose 0 = -4*a + 77 + 135. What are the prime factors of a?
53
Suppose -4*s + 5*s = -6. Let r be (0 + 1 + -2)*-6. What are the prime factors of ((-22)/s)/(2/r)?
11
Let w = 580 + -276. What are the prime factors of w?
2, 19
Let l = -76 + 115. Suppose 0 = 3*n - 0 - l. List the prime factors of n.
13
Let i be 1/3 + (-4)/12. Let a be 0 + i + (2 - -2). List the prime factors of (-10)/a*(-18)/5.
3
Let z(y) = y**2 - 5*y - 2. Let o be z(6). List the prime factors of (-105)/(-12) - (-1)/o.
3
Let k = 6 + -4. Let x be -1 + 6 + -4 + k. Suppose x*s - 6 = 9. List the prime factors of s.
5
Let d = -53 - -89. Let h = 5 + d. List the prime factors of h.
41
Let b(z) = z**3 + 7*z**2 + 9*z + 8. Let c be b(-6). Let n = -4 + 6. Let p = n - c. What are the prime factors of p?
2, 3
Suppose 4*a + 10 = -6, 5*f - 4*a = 86. Suppose -1 = -v + f. What are the prime factors of v?
3, 5
What are the prime factors of (-2)/12 + (-17)/6 + 53?
2, 5
List the prime factors of (9/(-2) - -6)/((-6)/(-728)).
2, 7, 13
What are the prime factors of 90/(-40)*512/(-6)?
2, 3
Suppose -s - s = -3*a + 12, 0 = 3*a - 5*s - 21. Let t be -1*-10*a/4. Suppose t = -c + 22. List the prime factors of c.
17
Let c be 3/(-9)*-18*1. Suppose c + 2 = z. What are the prime factors of z?
2
Let b(u) = u**3 - 4*u**2 + 2*u - 2. Let p be b(3). What are the prime factors of (-2)/5 - 22/p?
2
Suppose 5*r = -4*v - 32, -6*v - r - 40 = -v. Let q(k) = -7 - k**2 - k**3 - 8*k**2 + 6*k + 2*k**2. List the prime factors of q(v).
3
Suppose -7*i + 16 = -3*i. Let l be 1/i + 20/(-16). Let d(r) = -13*r**3 - r - 1. List the prime factors of d(l).
13
Let d(h) = h**3 - 4*h**2 + 2*h - 3. Let r be d(4). Suppose -24 = -r*y + 116. What are the prime factors of y?
2, 7
What are the prime factors of (-64)/6*39/(-26)?
2
List the prime factors of ((-2)/1)/(2/(-43)).
43
Suppose -4*m + 4*a + 28 = m, -3*a = -3*m + 18. What are the prime factors of 20/15*30/m?
2, 5
Let u be (12/(-3) - 2) + -2. Let v = u + 13. What are the prime factors of v?
5
Suppose -2*q + 26 = -0*q. Let a = q + -7. What are the prime factors of (6 - 1)/(3/a)?
2, 5
What are the prime factors of (-17)/(3*1/(-9))?
3, 17
Let r(j) = -j**3 + j + 3. Let y be 6/(-15) + (-44)/(-10). Suppose -3*o + 2*m = 2*o + 8, -o = -m + y. What are the prime factors of r(o)?
3
Let h(o) = -7*o**2 - 19*o + 1. Let y(b) = -10*b**2 - 28*b + 1. Let l(q) = 7*h(q) - 5*y(q). Let a be l(-7). Suppose a = 3*t - 4. List the prime factors of t.
2
Suppose g - 9*g + 152 = 0. List the prime factors of g.
19
Let b(f) = -2*f + 0*f + f**2 - 2*f. What are the prime factors of b(6)?
2, 3
Let n = 9 - 6. Suppose 5*s = 5, 0 = -0*g + 5*g + n*s - 73. List the prime factors of g.
2, 7
Let x = -41 - -83. List the prime factors of x.
2, 3, 7
Suppose 0 = 2*j, -3*j - 2*j = 3*g + 6. Let p(f) = -3*f - 1. Let a be p(2). What are the prime factors of -2 - (1 + a) - g?
2, 3
Let r be (7*-3 + 1)*-3. Suppose 7*x - 5*v = 2*x + r, -4*v = -x - 3. List the prime factors of x.
17
Let v be 4/(-10) + 62/5. List the prime factors of (-2)/(-4) + 138/v.
2, 3
Let h(j) = j**2 + 3*j - 4. Suppose -5 = -2*g + 5. List the prime factors of h(g).
2, 3
Let r(j) = 4*j + 2. Let a be r(-3). Let p = a + 28. Suppose -w + t - 7 = -2*t, 4*t = -3*w + p. What are the prime factors of w?
2
Let c(p) = -5*p - 6. Let o(